d derivative of 1/2*j**3 + 0 + 0*j + 1/24*j**4 - 9*j**2. Suppose 2*s = -4*g - 12, 7*s - 2*s + 30 = g. Calculate w(s).
-3
Let p(f) = -6*f + 11. Let y(d) = 20*d - 36. Let i(m) = 19*p(m) + 6*y(m). Determine i(4).
17
Let p(b) be the first derivative of -b**3/3 - b**2/2 - 2*b + 704. What is p(0)?
-2
Let k(n) = n**2 - 3*n - 4. Let x(a) = -a**3 - 4*a**2 - 5*a - 4. Let i be x(-3). Let j be i/15 - 638/(-165). Determine k(j).
0
Let g(a) = -a. Suppose -4*y = -0 + 4, -3*k + y + 7 = 0. Suppose -2*m - 2*m = -20, -k*j - 2*m + 14 = 0. Suppose 0 = -2*f + 2 + j. Determine g(f).
-2
Suppose -4*m = -12 - 12. Suppose -3*k - m = p, 5*p - 3*k + 1 = 7. Let i(n) = p*n**2 + 1 + n**2 + 7*n**2. What is i(1)?
9
Let v be (-192)/(-33) + 2 + 6/33. Let y(u) = -u**2 + 10*u - 11. What is y(v)?
5
Let s be (-1 - (-15)/13) + (-986)/(-13). Let x be (-2)/6 + s/12 - 1. Let n(p) = p - 5. Calculate n(x).
0
Let d(m) = m**3 + m - 1. Let h be d(1). Let s be (2/h)/(2 + -1). Let n(l) = -2*l + 3. Let f be n(s). Let v(i) = 6*i**3 - i**2 - i. What is v(f)?
-6
Let i(r) be the second derivative of -17*r**3/6 - 3*r**2/2 + 11*r. Let l be i(-2). Let s(t) = 31 + l - t - 67. Determine s(4).
-9
Let b(l) = -l - 6. Let t(c) be the third derivative of 3*c**4/8 + 11*c**3/6 + 12*c**2. Let o be t(-2). Give b(o).
1
Let l(r) = 3*r + 372. Let v(d) = -d - 106. Let o(k) = 5*l(k) + 18*v(k). Determine o(-17).
3
Let o(r) = -r**2 - 14*r - 5535 - 5539 + 11056. Give o(-11).
15
Let k(s) be the second derivative of s**4/12 + 8*s**2 - s + 25. Determine k(0).
16
Let w(f) = 8*f + 1. Let b be w(-5). Let g = 34 + b. Let v(t) = 4*t**3 - 2*t - 3*t**3 + 0*t - 6 + 5*t**2. What is v(g)?
4
Let h(l) = 4*l - 3. Let v(b) = -6*b + 4 + 4*b - 3*b. Let x(w) = -4*h(w) - 3*v(w). Let p(k) = -3*k + 3. Let z be p(3). Calculate x(z).
6
Let t(j) = j**3 - 8*j**2 + 6*j - 2. Let x be t(7). Let v(s) = -s**2 - 6*s + 9. Calculate v(x).
-18
Let q be 2/(6 + -5) + -3. Let o(h) = -21*h**3 + h**2 + h + 1. Calculate o(q).
22
Let m(g) = 1 + 3*g + 1 + 0*g. Suppose 32 = 4*y - 4*d, -d + 23 = 4*y - 2*d. Suppose y = -v + 3. What is m(v)?
-4
Suppose -4*o + 7 = y, 2*o - 3*y = 2*y + 9. Let n(g) = g**2 + g**3 - 7 - 3*g**2 + 4 + o*g. Give n(2).
1
Let g(b) = -59*b + 129. Let s(u) = 34*u - 64. Let c(r) = 3*g(r) + 5*s(r). What is c(10)?
-3
Let t(y) = -y - y**2 + 1 + 4*y - 8*y. Let v = 816 + -822. Calculate t(v).
-5
Let m(b) = -4*b**3 - 7*b**2 + 4*b + 1. Let i(f) = -5*f**3 - 8*f**2 + 4*f + 1. Let x(z) = -3*i(z) + 4*m(z). Let h = -398 - -393. Determine x(h).
6
Let y(w) be the first derivative of -w**2/2 - 10*w + 1. Let j = -665 - -657. Calculate y(j).
-2
Suppose -4*a + 6*a = 4. Let d = a + -5. Let c(p) = p**3 + 3*p**2 - 3. What is c(d)?
-3
Let m(h) be the first derivative of -h**3/3 - 2*h**2 - 2*h - 1. Let g = 265 - 192. Suppose -11*w = g - 7. Calculate m(w).
-14
Let h(r) be the second derivative of -r**4/12 + r**3/2 + 2*r**2 - 7*r + 11. Calculate h(5).
-6
Let m(l) = l. Let z be 3/((4 - 3)/(-1)). Let b(r) = -r**2 + 5*r + 3. Let y(j) = z*m(j) + b(j). Suppose 2*v - 3*h - 18 = 0, 5*h = -v - 4 - 13. What is y(v)?
0
Let h(q) = -q**3 - 5*q**2 - 3*q + 2. Let v be h(-3). Let j(l) = l**3 - l. Let a(b) = -5*b**3 + 6*b**2 - b - 2. Let d(u) = a(u) + 6*j(u). Give d(v).
-2
Let u(a) be the second derivative of -a**3/2 + a**2 - 111*a. Determine u(3).
-7
Let j(o) = o**2 + 6*o + 3. Suppose 175 = 3*t - 224. Let k be 2/(-8) - t/28. What is j(k)?
-2
Let q(c) = -c**3 + 12*c**2 + c + 18. Let f(x) = x**3 - 12*x**2 - 18. Let t(z) = -3*f(z) - 2*q(z). Calculate t(12).
-6
Let k(c) = -c**2 + 1 + 1 - 4*c + 4. Suppose s + 3*s - 12 = -5*r, -3*s + 5*r = -44. Suppose m - 35 = s*m. What is k(m)?
1
Let n(w) = w**3 + 2*w**2 - w + 2. Let j(y) = -2*y + 12. Let r be j(7). Let q be (0/r)/(-8 - -4). Suppose 5*d + 0*g = -2*g - 23, q = -d - 2*g - 11. Give n(d).
-4
Let r(a) be the third derivative of a**6/120 + a**5/15 - 7*a**4/24 - a**3 - 5*a**2 + 12*a. Determine r(-6).
-36
Let t(f) = -f**3 + f**2 + 2. Let d be t(0). Let z(x) = 5*x + 9 - 2*x**d - 8 + x**2. Let q(b) = b**3 + 3*b**2 - 7*b - 7. Let s be q(-4). Calculate z(s).
1
Let z(c) = 63 - 129 - 27*c + 64. What is z(-1)?
25
Let l(c) = c**3 + 2*c**2 - 4*c - 2. Let k(z) = -24*z + 8*z + 9 - 18*z**2 + 8 - z**3 - 3. Let t be k(-17). Calculate l(t).
1
Let s(o) = -5*o**2 + 2*o - 25. Let n(r) = 4*r**2 - 4*r + 27. Let d(u) = 6*n(u) + 5*s(u). Give d(-16).
5
Let f(b) = b**3 + 2*b**2 + 2*b - 1. Let u(i) = 4*i**3 + 15*i**2 + 14*i - 6. Let t(h) = -5*f(h) + u(h). Determine t(6).
-13
Let f(y) = y + 2. Let d(a) = -a**3 - 6*a**2 - 13*a - 7. Let i(m) = -d(m) - 5*f(m). Give i(-4).
-3
Let m(t) = -3*t + 3. Let r be m(3). Let g(h) = -3 - 3 - h**2 - h**2 - 2*h**2 - 3*h**3 - 4*h. Let w(c) = c**3 - c**2 + c. Let f(v) = g(v) + 2*w(v). What is f(r)?
6
Let m(u) = u**2 - 9*u + 12. Suppose 0 = -99*z + 34*z + 390. Give m(z).
-6
Let l(o) be the first derivative of o**5/20 - o**4/3 + o**3/3 - o**2 + 19*o - 16. Let n(p) be the first derivative of l(p). Calculate n(3).
-5
Let n(x) = x - 5 - 281*x**3 - 3*x - 4*x**2 + 4*x + 280*x**3. Calculate n(-5).
10
Let s(b) = -4*b**2 + 3 + 7*b**3 - 11*b**3 + 5*b**3 - 5*b. Let r(d) = -d**2 + 11*d + 16. Let p be r(12). Determine s(p).
-17
Let j = 37 + -35. Suppose j*q + 5*g - 8 = 4*q, 3 = -5*q + 4*g. Let z(p) = -2*p + 5*p**2 + 5*p - 2*p - 3*p**2. Give z(q).
3
Let n(x) = -9*x + 165. Let s be n(19). Let q be (0 - 0) + 2 + 2. Let w(r) = -4*r + 3 + 3*r - q. Calculate w(s).
5
Let h = 32 + -23. Let p be (h - 8)/((-2)/18). Let u be 12/(p/3) + 3. Let b(x) = -19*x - 1. Determine b(u).
18
Let z(u) = u + 4*u - u**3 + 1 - 9*u - 5*u**2. Let k(s) = s**3 + 7*s**2 + 2*s + 5. Let f be k(-7). Let j = f - -6. What is z(j)?
-5
Let w(j) = -j. Suppose -10 = -3*n - 4. Suppose -n*x - 3*x = 40. What is w(x)?
8
Let a(y) = 5251*y - 2625*y - 2620*y + 18. Determine a(-8).
-30
Let n be 1/3 - (-2 + 75/9). Let p(k) be the third derivative of k**5/60 + k**4/4 + 2*k**3/3 + 6*k**2. Calculate p(n).
4
Let s(y) = -4*y**2 - 1 + 5*y**2 - 61*y + 63*y. Let w(l) = 3*l**2 + l - 4. Let d(a) = 4*s(a) - w(a). Let b be ((-7)/2)/(1/2). Calculate d(b).
0
Let i(o) = -o**2 + o + 5. Let g = 152 - 148. Calculate i(g).
-7
Let j(c) = 5*c - 2. Let w(v) = -v**2 + 9*v + 49. Let n be w(13). What is j(n)?
-17
Let h(q) = 3*q - 10*q - 188 + 187 + 9*q. What is h(-8)?
-17
Let o(c) = -c**2 - 5*c - 5. Let w(r) = -2*r**2 + 7*r + 10. Let f be w(5). Let y be o(f). Let t(x) = 2*x + 7. Give t(y).
-3
Let q(a) = -21*a - 1. Suppose -3*m = -4*i - 1, -i + 2 = -m - 2*m. Give q(m).
20
Let u(q) = -3*q**2 + 2. Let k(r) = -16*r**2 - 2*r + 22. Let c(f) = k(f) - 5*u(f). What is c(-5)?
-3
Let q(j) = j**3 - j**2 - j + 13. Let y(g) = g**3 - 25*g**2 + 45*g + 23. Let a be y(23). Determine q(a).
13
Let h(v) = -9*v**2 + 2*v - 1. Suppose -4*k + 0*w = -2*w + 4, 0 = k + 2*w - 9. Determine h(k).
-8
Suppose 39*o = 326 - 53. Let h(g) = -g + 7. What is h(o)?
0
Let x be -1 + 4/1*(-2 + 1). Let s(u) = -u. Let t(r) = -6*r - 1. Let z(o) = x*s(o) + t(o). Calculate z(3).
-4
Let t(p) = 11 + 4*p + 8*p - 18*p - 17 + 8*p. Give t(-8).
-22
Let p(z) be the third derivative of -z**6/120 + z**5/20 + 5*z**3/6 - 10*z**2. Let t be p(0). Let f(k) = t*k + 0*k + 2 + k**2 - k. Calculate f(-4).
2
Let p(h) = -3*h - 2. Let d be p(-2). Suppose -2*r - 23 = -3*r - d*o, o - 11 = -2*r. Suppose -12 = -r*j - j. Let k(c) = -c + 3. Calculate k(j).
0
Let r(w) = w**3 - 6*w**2 + 3*w + 6. Let q = -25 - -46. Let y = -22 + q. Let j(d) = -6*d**3 - d**2 - d - 1. Let t be j(y). Determine r(t).
-4
Let m(w) = w**2 - 3*w + 3. Let b(n) = -9*n - 228. Let z be b(-26). What is m(z)?
21
Let h(p) = -p**3 - 10*p**2 - 11*p - 9. Let t = 718 + -727. What is h(t)?
9
Let q(i) = i**3 - 3*i**2 + 5. Let u be q(4). Let r = 15 - u. Let f(k) = -k**2 - k + 2*k - 1 - 8*k. Calculate f(r).
5
Let r(n) = -n**2 - 4*n + 8. Let l be 7*(-4 - (-276)/42). Suppose 6*v - l*v - 72 = 0. Determine r(v).
-4
Let x(l) = 2*l**3 + 7*l**2 + 2*l + 23. Let m(h) = h**3 + 5*h**2 + h + 12. Let p(d) = -7*m(d) + 4*x(d). What is p(7)?
15
Let o(n) = -7*n**3 - 21*n**2 + 26*n - 38. Let v(h) = 5*h**3 + 22*h**2 - 26*h + 41. Let b(m) = -3*o(m) - 4*v(m). What is b(24)?
-2
Let g(k) = -8*k - 5. Let f(y) = 4*y + 4. Let m(b) = -4*f(b) - 3*g(b). Let q(a) = a + 5. Let p be q(-4). Calculate m(p).
7
Suppose -2*j - 36 = -2*s, -4*s + 4*j = 3*j - 84. Suppose -2*z + s =